t l(o) be the first derivative of o**7/840 + o**5/120 + 5*o**4/24 + o**3/3 + 4. Let u(n) be the third derivative of l(n). What are the prime factors of u(0)?
5
Let x(b) = -b**3 - 6*b**2 - 5*b + 3. Let s be x(-5). Suppose -2*l - s = -11. What are the prime factors of l?
2
Let v(q) = q**3 + 4*q**2 + 3*q - 1. Let o be v(-3). Let u(z) = -z**2 - 1. Let r(l) = -3*l - 2. Let m(i) = o*u(i) - r(i). What are the prime factors of m(-3)?
3
Suppose 7*x - 4*x + 114 = 0. Let f = 80 + x. Suppose -u = -2, -4*s = -0*u - u - f. List the prime factors of s.
11
Let v(m) = m - 4. Let a be v(5). Let k(q) = 7*q**3 + q**2 + q - 1. List the prime factors of k(a).
2
Let t = 27 + -46. What are the prime factors of (2/(-2))/(1/t)?
19
List the prime factors of 456/8 + (1/(-1) - 0).
2, 7
Suppose -j + 5 = -0*j - v, 5*v = 2*j - 13. List the prime factors of j.
2
Suppose 0 = 7*h + 409 - 1452. List the prime factors of h.
149
Suppose 0 = 3*t - 4*a - 13, t + 19 = 2*t - 5*a. List the prime factors of (-17)/(t + 2)*-1.
17
Let g(y) = -27*y. List the prime factors of g(-1).
3
What are the prime factors of (-556)/(-18) + 3/27?
31
What are the prime factors of (-2)/(-10) - (-5748)/60?
2, 3
Suppose -139 = -4*v - 0*v + p, 0 = -2*p + 2. List the prime factors of v.
5, 7
Suppose c - 3 + 1 = 0. List the prime factors of c.
2
Let t(z) = 0 + 13*z**2 + 2*z**3 + 5 - 3*z**3 - 5*z + 23*z. What are the prime factors of t(14)?
61
Let d(z) = -15*z + 2. Let k be d(5). Let n = k + 105. List the prime factors of n.
2
Let n = -293 + 421. List the prime factors of n.
2
Let p(c) = -16*c - 6. What are the prime factors of p(-3)?
2, 3, 7
Let f(m) = m**3 - 7*m**2 - 8. Let o(d) = -d**3 - d**2 - d. Let v(n) = f(n) + 2*o(n). Let w be v(-9). Let p = -3 + w. What are the prime factors of p?
7
Suppose 0 = -v + 141 - 133. List the prime factors of v.
2
Suppose 4*k + 4*i - 796 = 0, -3*i - 13 = 2. List the prime factors of k.
2, 3, 17
Let g(y) = y**2 - y + 1. Suppose -5*m + 23 = 8. What are the prime factors of g(m)?
7
Suppose 11*j - 6*j + 120 = 0. List the prime factors of j*(1 - (-4)/(-3)).
2
Suppose 3*n - 37 = -5*y, -4*n - 7 - 2 = -5*y. Suppose -q + 4 = -0*q. Let z = q + n. What are the prime factors of z?
2
Let h(u) = u**3 + 5*u**2 + u + 7. Let y be h(-5). Suppose -y*w - 2*w = -128. List the prime factors of w.
2
Let z = -26 - -74. What are the prime factors of z?
2, 3
Let w = 0 + 95. List the prime factors of w.
5, 19
Let f(d) = -178*d + 2. List the prime factors of f(-1).
2, 3, 5
What are the prime factors of 25/(-4)*(-72)/9?
2, 5
Let r(j) = -j**3 + 11*j**2 + 6*j - 10. Let c be r(12). Let v = -49 - c. Suppose 5*b - 10 = -4*x + v, 2*b + 44 = 2*x. What are the prime factors of x?
17
Let a be 3 - -2 - 15/5. List the prime factors of 10/(-25)*(a + -62).
2, 3
Let f(p) = 4*p**3 + p**2 - 7*p. List the prime factors of f(3).
2, 3
Suppose 0 = 4*z, -u + 0*z = 4*z - 61. What are the prime factors of u?
61
Suppose d = 4*d + 9. Let s = d - -5. What are the prime factors of s?
2
What are the prime factors of 2/4 + 10725/78?
2, 3, 23
Let l = -28 + 19. Suppose -2*z + 42 = 4. Let t = l + z. What are the prime factors of t?
2, 5
Let x(m) = m**3 - 8*m**2 + m + 4. What are the prime factors of x(10)?
2, 107
Let o(h) = -11*h - 18. List the prime factors of o(-6).
2, 3
Suppose -v = 2 + 4. Let x = -1 - v. What are the prime factors of x?
5
Let s(l) = -2*l - 1. Let k be (-4)/(-2*(-1)/(-2)). Let m be 16/(-12)*18/k. List the prime factors of s(m).
11
List the prime factors of (396 - -3 - (3 - 0)) + -1.
5, 79
Let i(o) = 3*o**2 - o - 23. List the prime factors of i(-6).
7, 13
Let o(d) = 50*d + 26. What are the prime factors of o(7)?
2, 47
Suppose 37 = 4*s - 6*s + t, 0 = s - 3*t + 31. Let l = s - -26. List the prime factors of l.
2, 5
What are the prime factors of (-1113)/(-42) - (-2)/4?
3
Suppose -3*y + 146 = -202. What are the prime factors of y?
2, 29
Let p(u) = -u**3 + 3*u**2 + 2*u - 3. Let r be p(2). Let l = 9 - r. Suppose l*d = -2*f - 6, 0 = -2*f + 4*d - 0*d + 18. What are the prime factors of f?
3
Suppose 0 = -2*i + 2 - 0. Let z(g) = 24*g**2 + 2*g - 1. List the prime factors of z(i).
5
Let w be (-9)/(-2) - (-3)/(-2). Suppose -w*n + 20 = 2*n. Suppose -u = n*u - 50. What are the prime factors of u?
2, 5
Suppose -p + 22 = -r, -46 = -3*p + r + 12. What are the prime factors of p?
2, 3
List the prime factors of 3*4/(-6) + 33.
31
Let r(v) = -v**3 - 8*v**2 - 7*v - 2. Let x be r(-7). Let l(m) = -8*m**3 - m**2. Let i be l(x). What are the prime factors of (1 - 3)*i/(-8)?
3, 5
Suppose 3*g - 92 = 5*o, -g = -0*g + 2*o - 27. Let p = g - 2. What are the prime factors of p?
3
Let o(q) = 59*q**2 - 1. What are the prime factors of o(1)?
2, 29
Suppose 5*q + a - 49 = 7, 0 = 2*a - 2. Let u = q - 7. Suppose -5*s + 2*s = -3*c + 3, 0 = -5*c - u*s + 14. What are the prime factors of c?
2
Suppose -2*z - 40 = -7*z. Suppose 2*r = 3*x - z, r - 4*r = 5*x - 26. What are the prime factors of r?
2
Suppose 3*u - 2*d - 306 = 0, 4*u + 2*d - 425 = -d. What are the prime factors of u?
2, 13
Let c be 2/(-7) - (-23)/7. Suppose 30 = 4*g + 2*h, 0 = -c*g + 3*h - 4 + 13. List the prime factors of g.
2, 3
Let l(o) = 2*o + 3. What are the prime factors of l(16)?
5, 7
Let w(x) = x**2 + 14*x + 12. List the prime factors of w(7).
3, 53
Suppose -62 = -4*l + 2*l. Suppose 0 = v + 3*y - 28, -2*v + y + l = 2*y. What are the prime factors of v?
13
Suppose -2 = 5*t - 22. Let r = 6 - t. Suppose -2 = b + 4*a - 0*a, r*b - 32 = a. What are the prime factors of b?
2, 7
Suppose 4*m - 2*a - 1 = 13, -m - 3*a + 7 = 0. Suppose 5*u - 64 = -m*n - 15, 2*n = -5*u + 27. What are the prime factors of n?
11
Let x(v) = -v**3 + 10*v**2 + v - 10. Let y be x(10). Suppose y = 4*s + 4*i - 44, i - 45 = -3*s - 16. What are the prime factors of s?
3
What are the prime factors of (-40)/14*(1 + -8)?
2, 5
Suppose a + 3*g = 25, 2*a - 55 = 2*g - 3*g. Suppose -4*i + 8*i = -a. Let r = -5 - i. What are the prime factors of r?
2
Let h(b) = b**3 - 6*b**2 - b + 7. Let a be h(6). Suppose 4*i = -2*u + 30, i - a = 3. What are the prime factors of u?
7
Suppose 0 = -4*g + 8, -3*u + 8*g = 4*g - 19. Let i = u - -9. List the prime factors of i.
2, 3
Suppose 0*h + h - 6 = 0. What are the prime factors of h?
2, 3
Suppose 0*d + 3*d = 4*w - 2, 0 = -2*w + 4. Let a be ((-2)/4)/(d/4). What are the prime factors of (-153)/(-36) - a/(-4)?
2
Suppose 2*h - 3 + 5 = 0. Let x = h - -1. List the prime factors of (-1 + x)*-2*1.
2
Suppose 2*b - 3*s - s = 48, -72 = -3*b - 4*s. What are the prime factors of b?
2, 3
Let i be 4/(-22) + 810/99. List the prime factors of (4*4)/(4/i).
2
Suppose 4*j - 574 = 90. What are the prime factors of j?
2, 83
What are the prime factors of -1 + -2 + 192 + 0?
3, 7
Let x(t) be the second derivative of 1/20*t**5 + 5*t**2 - 4/3*t**3 - 1/2*t**4 - 3*t + 0. What are the prime factors of x(7)?
3
Let o be -1 + 5 + (-5 - -2). Suppose -o = -4*a + 55. What are the prime factors of a?
2, 7
Let t = 6 + 3. List the prime factors of 138/t + 6/9.
2
Let o = 5 - 5. Let b be (0/(o - -2))/(-1). Suppose -3*c + 28 + 14 = b. List the prime factors of c.
2, 7
Let l(g) = -3*g - 12. Let q be l(-5). List the prime factors of 39 + 9/q + -5.
37
Suppose 2*h + 3*g + 3 = 4, 4*h + 2*g - 14 = 0. Suppose 20 + h = a. Suppose 4*d = 11 + a. List the prime factors of d.
3
Let y be (-1)/((8/14)/(-4)). Let x(v) = 0*v + y*v**2 - v - 4*v**2. List the prime factors of x(-1).
2
Let r be (-1)/1*(1 + -42). Let k = r - 29. What are the prime factors of k?
2, 3
Suppose -5*h - 24 + 4 = 0. Let s = h + 4. Let w = s - -8. What are the prime factors of w?
2
Suppose 5*o - 470 = -0*o. What are the prime factors of o?
2, 47
Let n(t) = 3*t**2 - t. Suppose -s + 5*s - 20 = 0, -3*c - 24 = -3*s. Let o = -2 - c. List the prime factors of n(o).
2
Let n(m) = 11*m + 15. Let p(u) = -6*u - 7. Let l(w) = -3*n(w) - 5*p(w). What are the prime factors of l(-7)?
11
Let k = 50 - 10. Let s(p) = p**3 - p**2 + p - 29. Let w be s(0). Let q = k + w. What are the prime factors of q?
11
Suppose 3*w = -w - 12. What are the prime factors of 12/((w/(-4))/1)?
2
Let i = -18 - -37. Suppose v - 3*z - i = -v, z + 12 = v. List the prime factors of v.
17
Suppose 0*w - 3*w + 272 = 4*c, -c = w - 89. What are the prime factors of w?
2, 3, 7
Suppose 5*t - 37 - 50 = 4*c, -2*t + 21 = 3*c. Let s be 2/(-10) 